f 344736.
2, 3, 7, 19
List the prime factors of 560495.
5, 13, 8623
What are the prime factors of 21215446?
2, 7, 1163, 1303
What are the prime factors of 139491?
3, 11, 1409
List the prime factors of 3717545.
5, 13, 57193
What are the prime factors of 1397433?
3, 239, 1949
What are the prime factors of 1357120?
2, 5, 4241
List the prime factors of 294519.
3, 19, 5167
What are the prime factors of 7640194?
2, 3820097
What are the prime factors of 518068?
2, 129517
What are the prime factors of 1519967?
1519967
What are the prime factors of 1564964?
2, 151, 2591
What are the prime factors of 1505230?
2, 5, 150523
List the prime factors of 1008544.
2, 31517
List the prime factors of 4820628.
2, 3, 73, 5503
What are the prime factors of 1594465?
5, 347, 919
What are the prime factors of 1080045?
3, 5, 24001
List the prime factors of 1602146.
2, 7, 13, 8803
What are the prime factors of 1501085?
5, 331, 907
What are the prime factors of 1258300?
2, 5, 12583
What are the prime factors of 7150772?
2, 727, 2459
List the prime factors of 2380883.
331, 7193
List the prime factors of 5341034.
2, 59, 45263
What are the prime factors of 111575?
5, 4463
List the prime factors of 631437.
3, 109, 1931
What are the prime factors of 65051?
7, 9293
What are the prime factors of 33716?
2, 8429
What are the prime factors of 4353954?
2, 3, 11, 41, 1609
What are the prime factors of 2153862?
2, 3, 119659
List the prime factors of 4176994.
2, 2088497
List the prime factors of 2947158.
2, 3, 54577
List the prime factors of 856936.
2, 17, 6301
List the prime factors of 6297307.
43, 146449
What are the prime factors of 412915?
5, 269, 307
What are the prime factors of 554471?
139, 3989
List the prime factors of 243271.
7, 23, 1511
What are the prime factors of 156902?
2, 19, 4129
List the prime factors of 721910.
2, 5, 7, 10313
What are the prime factors of 1491382?
2, 137, 5443
List the prime factors of 5002348.
2, 13, 96199
What are the prime factors of 6686210?
2, 5, 61, 97, 113
What are the prime factors of 1409886?
2, 3, 967
What are the prime factors of 6901369?
6901369
List the prime factors of 7281801.
3, 419, 1931
What are the prime factors of 11146160?
2, 5, 19, 7333
List the prime factors of 1646503.
31, 53113
What are the prime factors of 180888?
2, 3, 7537
List the prime factors of 411519.
3, 17, 8069
What are the prime factors of 13040884?
2, 1063, 3067
List the prime factors of 113578.
2, 109, 521
List the prime factors of 26391.
3, 19, 463
List the prime factors of 1090845.
3, 5, 7, 3463
What are the prime factors of 772640?
2, 5, 11, 439
List the prime factors of 2724506.
2, 73, 18661
What are the prime factors of 19991710?
2, 5, 1399, 1429
What are the prime factors of 10630696?
2, 499, 2663
What are the prime factors of 505968?
2, 3, 83, 127
List the prime factors of 176338.
2, 88169
What are the prime factors of 784324?
2, 196081
What are the prime factors of 1260336?
2, 3, 7, 11, 31
List the prime factors of 2558530.
2, 5, 13, 19681
What are the prime factors of 9634744?
2, 7, 172049
What are the prime factors of 850017?
3, 7, 17, 2381
What are the prime factors of 3812847?
3, 137, 9277
What are the prime factors of 13881620?
2, 5, 694081
What are the prime factors of 17653540?
2, 5, 283, 3119
What are the prime factors of 437581?
29, 79, 191
List the prime factors of 51388.
2, 29, 443
What are the prime factors of 289707?
3, 11, 8779
What are the prime factors of 474284?
2, 118571
List the prime factors of 8883690.
2, 3, 5, 17, 17419
What are the prime factors of 1422124?
2, 11, 32321
List the prime factors of 18552479.
11, 43, 61, 643
List the prime factors of 79657.
79657
List the prime factors of 6941404.
2, 43, 40357
What are the prime factors of 458148?
2, 3, 73, 523
List the prime factors of 20307210.
2, 3, 5, 7, 11, 59, 149
List the prime factors of 63072.
2, 3, 73
What are the prime factors of 424285?
5, 84857
List the prime factors of 487209.
3, 23, 307
List the prime factors of 2182290.
2, 3, 5, 11, 17, 389
List the prime factors of 13664516.
2, 67, 761
List the prime factors of 6616339.
6616339
What are the prime factors of 1056451?
11, 8731
List the prime factors of 6482652.
2, 3, 11, 67, 733
What are the prime factors of 721457?
11, 65587
What are the prime factors of 210112?
2, 7, 67
What are the prime factors of 8472541?
7, 11, 1429
List the prime factors of 15456355.
5, 229, 13499
List the prime factors of 531133.
531133
What are the prime factors of 14345747?
13, 1103519
What are the prime factors of 257538?
2, 3, 42923
What are the prime factors of 12176816?
2, 761051
List the prime factors of 288004.
2, 89, 809
List the prime factors of 4030054.
2, 7, 17, 41, 59
List the prime factors of 87641.
87641
List the prime factors of 609034.
2, 304517
List the prime factors of 10332097.
761, 13577
List the prime factors of 1261642.
2, 23, 27427
What are the prime factors of 534703?
13, 41131
List the prime factors of 3576323.
3576323
List the prime factors of 179445.
3, 5, 7, 1709
What are the prime factors of 2187073?
7, 397, 787
List the prime factors of 7739437.
17, 455261
List the prime factors of 2830246.
2, 47, 30109
What are the prime factors of 1143221?
67, 113, 151
What are the prime factors of 150416?
2, 7, 17, 79
List the prime factors of 3271093.
7, 241, 277
List the prime factors of 1269294.
2, 3, 13, 16273
List the prime factors of 1470782.
2, 735391
List the prime factors of 865005.
3, 5, 57667
What are the prime factors of 114757?
114757
List the prime factors of 1217595.
3, 5, 81173
List the prime factors of 3012570.
2, 3, 5, 11, 17, 179
What are the prime factors of 360866?
2, 11, 47, 349
List the prime factors of 289326.
2, 3, 48221
List the prime factors of 10996320.
2, 3, 5, 31, 739
List the prime factors of 427536.
2, 3, 2969
List the prime factors of 34143350.
2, 5, 149, 4583
What are the prime factors of 1614197?
13, 227, 547
What are the prime factors of 4223136?
2, 3, 43991
List the prime factors of 14177966.
2, 11, 17, 167, 227
What are the prime factors of 517980?
2, 3, 5, 89, 97
List the prime factors of 667231.
43, 59, 263
What are the prime factors of 403021?
467, 863
What are the prime factors of 95856?
2, 3, 1997
List the prime factors of 1302197.
13, 100169
List the prime factors of 2972953.
97, 30649
List the prime factors of 8054549.
17, 367, 1291
What are the prime factors of 12596047?
47, 283, 947
List the prime factors of 188511.
3, 31, 2027
What are the prime factors of 563656?
2, 70457
List the prime factors of 202514.
2, 13, 7789
What are the prime factors of 15594292?
2, 7, 556939
List the prime factors of 90756.
2, 3, 2521
What are the prime factors of 842665?
5, 168533
What are the prime factors of 770654?
2, 385327
List the prime factors of 17934343.
7, 41, 79, 113
What are the prime factors of 3799?
29, 131
What are the prime factors of 7918631?
7, 499, 2267
List the prime factors of 402483.
3, 134161
List the prime factors of 3014561.
11, 79, 3469
What are the prime factors of 22165321?
22165321
List the prime factors of 2225445.
3, 5, 89, 1667
What are the prime factors of 6961951?
6961951
List the prime factors of 12181536.
2, 3, 23, 613
List the prime factors of 558327.
3, 7, 11, 2417
What are the prime factors of 4562770?
2, 5, 53, 8609
What are the prime factors of 599206?
2, 299603
List the prime factors of 565276.
2, 141319
List the prime factors of 1535154.
2, 3, 255859
List the prime factors of 716243.
11, 19, 23, 149
List the prime factors of 102146.
2, 11, 4643
What are the prime factors of 2909290?
2, 5, 59, 4931
List the prime factors of 3509142.
2, 3, 7, 13, 6427
What are the prime factors of 2028861?
3, 163, 461
What are the prime factors of 168504?
2, 3, 7, 17, 59
What are the prime factors of 192719?
191, 1009
List the prime factors of 764516.
2, 131, 1459
List the prime factors of 753757.
157, 4801
List the prime factors of 524013.
3, 7, 24953
What are the prime factors of 1048611?
3, 17, 29, 709
What are the prime factors of 171537?
3, 57179
What are the prime factors of 105385?
5, 7, 3011
List the prime factors of 10902095.
5, 383, 5693
What are the prime factors of 246222?
2, 3, 13679
List the prime factors of 6179779.
6179779
What are the prime factors of 4572904